de 106345?
False
Is 45 a factor of 2027518?
False
Is 43 a factor of 1972357?
False
Is 298220 a multiple of 20?
True
Is 79 a factor of 11534158?
True
Is 7310 a multiple of 34?
True
Is 2 a factor of 771260?
True
Is 122 a factor of 182512?
True
Is 11 a factor of 325156?
False
Does 42 divide 2556876?
True
Is 103280 a multiple of 4?
True
Does 504 divide 5381712?
True
Is 30 a factor of 183679?
False
Is 39301 a multiple of 21?
False
Is 40 a factor of 406800?
True
Is 6188679 a multiple of 161?
True
Is 908 a factor of 2463404?
True
Does 75 divide 19725?
True
Is 18 a factor of 1205008?
False
Is 4 a factor of 1070844?
True
Does 39 divide 39858?
True
Is 61751 a multiple of 4?
False
Does 73 divide 1437662?
True
Is 499 a factor of 113064?
False
Is 239 a factor of 170407?
True
Is 146 a factor of 2095321?
False
Is 532716 a multiple of 618?
True
Is 3 a factor of 7165350?
True
Is 447741 a multiple of 69?
True
Does 39 divide 77751?
False
Is 1212311 a multiple of 8?
False
Is 224695 a multiple of 12?
False
Is 62 a factor of 1012117?
False
Does 146 divide 5949583?
False
Is 34 a factor of 1652167?
False
Does 147 divide 31493?
False
Is 3 a factor of 762578?
False
Is 4850886 a multiple of 6?
True
Is 82808 a multiple of 147?
False
Does 9 divide 39648?
False
Is 210886 a multiple of 131?
False
Does 271 divide 2450111?
True
Does 8 divide 247520?
True
Does 10 divide 10694?
False
Is 4 a factor of 65776?
True
Does 40 divide 77886?
False
Does 161 divide 1089970?
True
Does 15 divide 173053?
False
Does 673 divide 7484?
False
Does 821 divide 504085?
False
Is 8368616 a multiple of 732?
False
Is 237350 a multiple of 94?
True
Is 90811 a multiple of 278?
False
Is 15 a factor of 3353233?
False
Is 406490 a multiple of 33?
False
Is 81200 a multiple of 28?
True
Does 2 divide 1817261?
False
Does 7 divide 3736649?
True
Is 15 a factor of 363735?
True
Does 40 divide 95600?
True
Is 2973954 a multiple of 93?
True
Does 242 divide 425920?
True
Is 7904442 a multiple of 651?
True
Is 2310 a factor of 5180326?
False
Does 305 divide 1606130?
True
Is 1173326 a multiple of 22?
True
Is 538764 a multiple of 428?
False
Does 277 divide 276165?
False
Is 18582754 a multiple of 114?
False
Does 120 divide 85004?
False
Is 8681311 a multiple of 15?
False
Does 333 divide 111888?
True
Is 175186 a multiple of 9?
False
Does 110 divide 7662293?
False
Is 58029 a multiple of 69?
True
Is 13 a factor of 8275?
False
Is 43820 a multiple of 20?
True
Does 800 divide 5620800?
True
Is 31 a factor of 10464?
False
Is 2669932 a multiple of 23?
True
Is 44 a factor of 1363120?
True
Is 2 a factor of 340271?
False
Does 9 divide 615623?
False
Does 3004 divide 24724040?
False
Is 61 a factor of 29219?
True
Is 1430240 a multiple of 140?
True
Is 51491 a multiple of 11?
True
Does 210 divide 101430?
True
Is 328680 a multiple of 66?
True
Does 8 divide 33002?
False
Is 78116 a multiple of 52?
False
Does 312 divide 15912163?
False
Is 369 a factor of 6273?
True
Is 1121 a factor of 5591548?
True
Does 14 divide 1822965?
False
Is 1320 a factor of 13745160?
True
Is 941 a factor of 3157996?
True
Is 7341121 a multiple of 3?
False
Does 17 divide 2933843?
True
Is 274074 a multiple of 82?
False
Does 6 divide 135180?
True
Is 13 a factor of 227097?
True
Does 1671 divide 15876713?
False
Does 70 divide 1956570?
True
Is 75 a factor of 800100?
True
Is 9 a factor of 170249?
False
Is 29 a factor of 4921967?
True
Is 141 a factor of 28905?
True
Is 234184 a multiple of 401?
True
Is 12070 a multiple of 170?
True
Is 41 a factor of 79157?
False
Does 303 divide 277548?
True
Is 2533690 a multiple of 12?
False
Is 8327 a multiple of 52?
False
Is 434612 a multiple of 179?
True
Is 727407 a multiple of 21?
False
Is 2583580 a multiple of 10?
True
Is 516 a factor of 4009836?
True
Is 394 a factor of 1914662?
False
Is 441 a factor of 116269?
False
Is 1822 a factor of 18761134?
True
Is 3988582 a multiple of 26?
True
Is 12437789 a multiple of 31?
True
Is 1847702 a multiple of 9?
False
Is 4861194 a multiple of 29?
False
Is 28529 a multiple of 2?
False
Is 121875 a multiple of 27?
False
Does 51 divide 218490?
False
Is 10 a factor of 116712?
False
Is 6944 a multiple of 32?
True
Is 135 a factor of 2741655?
False
Is 4168355 a multiple of 5?
True
Is 631540 a multiple of 14?
True
Does 40 divide 9936?
False
Is 27462 a multiple of 10?
False
Is 1358140 a multiple of 623?
True
Does 25 divide 492449?
False
Is 23484 a multiple of 18?
False
Is 124790 a multiple of 10?
True
Is 25824 a multiple of 48?
True
Is 20 a factor of 615060?
True
Does 3 divide 525168?
True
Is 5333693 a multiple of 4?
False
Is 62 a factor of 1729397?
False
Is 18 a factor of 1080826?
False
Is 101111 a multiple of 20?
False
Is 5 a factor of 238950?
True
Does 453 divide 944505?
True
Is 11 a factor of 602982?
False
Is 1558197 a multiple of 53?
False
Does 191 divide 3100734?
False
Is 97225 a multiple of 39?
False
Is 77 a factor of 185777?
False
Is 223 a factor of 7046821?
False
Does 3 divide 6853?
False
Is 133 a factor of 279726?
False
Is 120 a factor of 13744920?
True
Does 2 divide 161174?
True
Does 28 divide 784924?
True
Is 4194986 a multiple of 166?
True
Is 29 a factor of 828008?
True
Is 8853642 a multiple of 19?
False
Is 26 a factor of 13312?
True
Is 14 a factor of 1613192?
True
Is 4900929 a multiple of 627?
False
Does 7 divide 217031?
False
Is 18 a factor of 9161574?
False
Does 107 divide 325173?
True
Is 6 a factor of 7350?
True
Is 971243 a multiple of 13?
True
Is 91 a factor of 182727?
False
Does 39 divide 1038827?
False
Is 30 a factor of 926906?
False
Is 45 a factor of 2844630?
True
Is 41 a factor of 137231?
False
Is 194380 a multiple of 159?
False
Is 37 a factor of 128427?
True
Is 48701 a multiple of 8?
False
Is 471072 a multiple of 27?
False
Does 29 divide 4191?
False
Is 2134 a multiple of 12?
False
Does 118 divide 310812?
True
Does 82 divide 1605847?
False
Is 542 a factor of 271248?
False
Does 134 divide 498346?
True
Does 48 divide 1001232?
True
Does 61 divide 177510?
True
Is 217503 a multiple of 99?
True
Does 12 divide 1206216?
True
Is 383 a factor of 1615877?
True
Is 4237346 a multiple of 44?
False
Does 5 divide 26165?
True
Does 2 divide 442981?
False
Is 3541584 a multiple of 16?
True
Is 445952 a multiple of 256?
True
Is 28196 a multiple of 14?
True
Does 36 divide 53892?
True
Is 80089 a multiple of 117?
False
Is 516 a factor of 205368?
True
Is 820599 a multiple of 23?
False
Is 4386777 a multiple of 75?
False
Does 107 divide 21081?
False
Does 7 divide 79765?
True
Is 17124401 a multiple of 19?
False
Is 10 a factor of 358312?
False
Does 14 divide 2012522?
False
Is 46 a factor of 330050?
True
Does 2 divide 545495?
False
Does 16 divide 460702?
False
Is 4 a factor of 800650?
False
Does 759 divide 600369?
True
Does 2 divide 13842?
True
Is 363630 a multiple of 255?
True
Is 35 a factor of 842695?
True
Is 65400 a multiple of 12?
True
Is 1750997 a multiple of 33?
False
Is 685334 a multiple of 157?
False
Is 324107 a multiple of 37?
False
Does 20 divide 11151?
False
Is 37729 a multiple of 4?
False
Is 652 a factor of 4455184?
False
Is 95025 a multiple of 2?
False
Does 33 divide 44693?
False
Is 290 a factor of 1316890?
True
Is 134708 a multiple of 28?
True
Does 8 divide 2903704?
True
Does 2071 divide 8820389?
True
Is 116188 a multiple of 18?
False
Does 1273 divide 3406548?
True
Is 155 a factor of 181656?
False
Does 26 divide 3545906?
True
Is 35 a factor of 6254845?
False
Is 9 a factor of 4005369?
True
Is 3 a factor of 5367?
True
Does 3 divide 188859?
True
Is 3987155 a multiple of 1278?
False
Is 145752 even?
True
Is 10 a factor of 55698?
False
Does 13 divide 422580?
False
Is 552 a factor of 869375?
False
Is 676378 a multiple of 13?
False
Does 373 divide 10770468?
False
Is 55 a factor of 2306237?
False
Does 953 divide 7956597?
True
Is 2102291 a multiple of 254?
False
Is 3 a factor of 347481?
True
Does 24 divide 10578?
False
Does 9 divide 142716?
False
Does 167 divide 457747?
True
Does 198 divide 171128?
False
Is 238 a factor of 9875572?
True
Does 15 divide 497700?
True
Is 1165600 a multiple of 283?
False
Does 228 divide 2606770?
False
Is 639 a factor of 1678653?
True
Is 385130 a multiple of 38?
True
Is 37440 a multiple of 9?
True
Does 114 divide 243565?
False
Is 780994 a multiple of 10?
False
Does 41 divide 335787?
False
Is 2110